 base 16.
40563
Convert -10404304 (base 5) to base 6.
-1542124
-102220341 (base 5) to base 11
-273739
What is 111000001011111011111 (base 2) in base 7?
21435460
Convert 520578 (base 9) to base 13.
aa762
Convert 1626045 (base 7) to base 2.
110111000001101000
34317 (base 9) to base 12
1128a
Convert -152321455 (base 6) to base 9.
-6015078
What is 22535 (base 8) in base 14?
36b3
-6a4b6 (base 14) to base 10
-258880
Convert 21111021211011 (base 3) to base 5.
2004403132
Convert 101001100011110010001111 (base 2) to base 3.
202111111102020
1052252205 (base 6) to base 11
65a918a
-22222021101012 (base 3) to base 7
-55350545
Convert -20123230232 (base 4) to base 8.
-10335456
-143a144 (base 11) to base 10
-2473167
-1102100210102 (base 3) to base 10
-755093
What is -24efc8 (base 16) in base 15?
-32c38a
Convert -72b0 (base 12) to base 7.
-51330
Convert ccb691 (base 13) to base 15.
6542ec
Convert 100211220113 (base 4) to base 3.
22011220221022
What is -10121112020100 (base 3) in base 16?
-1d4a8c
Convert 55602 (base 11) to base 13.
2a8b1
-1a1b2 (base 14) to base 5
-4104313
What is -45ca (base 14) in base 9?
-17572
What is -103331010330 (base 4) in base 5?
-2314342113
11000011100001111100011 (base 2) to base 9
13044843
What is 1152604 (base 7) in base 16?
23ff5
What is -6236211 (base 7) in base 5?
-142431000
-1675061 (base 9) to base 11
-58982a
-123103233 (base 4) to base 2
-11011010011101111
Convert -40406 (base 10) to base 5.
-2243111
What is 2834785 (base 9) in base 4?
11330133311
What is 12d014 (base 14) in base 13?
19a028
Convert 423619 (base 14) to base 11.
1299125
220031321323 (base 4) to base 7
155416531
-3d246 (base 16) to base 5
-31003223
Convert -111000000200 (base 3) to base 2.
-111110011110011001
What is -329a14 (base 15) in base 5?
-1104141034
64a90 (base 14) to base 2
111011011101100110
Convert 1011111100011001000 (base 2) to base 15.
7ae63
What is -1003303030 (base 4) in base 8?
-1036314
What is 4b42b49 (base 12) in base 3?
1000210100102210
1410501 (base 8) to base 9
665404
Convert 9609a3 (base 12) to base 16.
24178b
What is -122012100010 (base 3) in base 16?
-52a46
21201220021011 (base 3) to base 5
2023034003
-116712 (base 11) to base 14
-4b374
-322133000120 (base 4) to base 11
-8721743
What is a6b972 (base 12) in base 11?
1539341
What is 333050054 (base 6) in base 13?
132c592
Convert 11445471 (base 8) to base 12.
a103b5
What is 267c219 (base 13) in base 3?
211210011002110
What is -374344 (base 10) in base 6?
-12005024
What is -82299 (base 11) in base 3?
-20002210122
What is -c233c (base 16) in base 8?
-3021474
Convert -310130023 (base 4) to base 9.
-356571
Convert -132455 (base 10) to base 2.
-100000010101100111
Convert -1101100100010011 (base 2) to base 16.
-d913
a274 (base 14) to base 12
141ba
Convert -9a06352 (base 11) to base 5.
-13444003330
What is 3038289 (base 11) in base 8?
24367371
9a04 (base 13) to base 8
51733
-10210221120 (base 3) to base 8
-222450
-301055300 (base 6) to base 9
-10522460
What is 520143 (base 7) in base 15?
1b52c
What is 233213033023 (base 4) in base 13?
27801c1
What is 142599 (base 10) in base 2?
100010110100000111
Convert -3301826 (base 9) to base 5.
-423212441
Convert 300450241 (base 6) to base 16.
4d7631
Convert -18ca4d2 (base 14) to base 11.
-6a5638a
Convert 9bab8 (base 12) to base 13.
73415
What is 103010302222 (base 4) in base 14?
94240a
10011011011110001001010 (base 2) to base 3
100120211022020
-8b9851 (base 15) to base 11
-3841947
Convert -39775 (base 11) to base 14.
-169d5
What is -140056 (base 7) in base 13?
-c06a
What is -36034 (base 8) in base 11?
-1061a
Convert 1468139 (base 13) to base 6.
351201512
Convert 1629841 (base 10) to base 8.
6157221
What is -13938b5 (base 12) in base 4?
-32332121021
What is 22242023 (base 5) in base 9?
328507
652153 (base 9) to base 4
1132321032
What is 84cb42 (base 13) in base 3?
12212011001022
-103231133 (base 4) to base 6
-1421435
-43564 (base 7) to base 14
-3da4
Convert -4a2785 (base 12) to base 4.
-10212233111
Convert -4d893 (base 15) to base 14.
-666c9
Convert 4706669 (base 10) to base 7.
55002032
-14331422 (base 6) to base 14
-cc126
Convert -49160 (base 10) to base 3.
-2111102202
What is -4c1a5 (base 13) in base 14?
-394d2
Convert -4a072 (base 12) to base 9.
-162535
What is 1a4e (base 16) in base 10?
6734
What is -48726 (base 9) in base 16?
-7f9b
What is 10221021103 (base 4) in base 8?
4511123
What is -1364 (base 16) in base 6?
-34552
101101101100011 (base 2) to base 6
300151
-222b1 (base 16) to base 3
-21002222110
-168c6b (base 16) to base 6
-51401215
What is 6800716 (base 9) in base 10?
3661620
-10010111100011111 (base 2) to base 4
-102330133
What is -184373 (base 9) in base 8?
-340112
What is -2ded72 (base 16) in base 11?
-1776429
-43123420 (base 5) to base 10
-364235
Convert -31828 (base 15) to base 4.
-212112200
Convert 2602615 (base 10) to base 5.
1131240430
What is 534531 (base 8) in base 5?
21203041
Convert -14d856 (base 16) to base 8.
-5154126
13231132200 (base 4) to base 8
7553640
Convert -40767 (base 8) to base 16.
-41f7
-21433435 (base 6) to base 14
-12a131
Convert 111124 (base 9) to base 8.
201612
Convert 2c225 (base 15) to base 14.
39b99
Convert -2333344310 (base 5) to base 13.
-11610c9
532747 (base 10) to base 7
4346125
Convert -2ac9c (base 13) to base 5.
-10044444
-449196 (base 12) to base 16
-10b1c2
Convert 22121010200 (base 3) to base 15.
3521c
What is -11303204 (base 5) in base 10?
-103554
What is -12043122 (base 5) in base 10?
-112287
-2253250 (base 7) to base 10
-282079
-2146146 (base 7) to base 12
-108836
What is -bcb8cc (base 13) in base 8?
-20770442
-1003330012 (base 4) to base 11
-180090
Convert -1432054 (base 7) to base 3.
-100210110221
-11110100011 (base 3) to base 12
-42927
-301405300 (base 6) to base 8
-23413544
Convert 366547 (base 8) to base 5.
13020221
100100010000100100 (base 2) to base 6
3103324
What is 231110311 (base 5) in base 4?
3330231021
Convert 1de78e (base 15) to base 4.
11212001123
What is -80823 (base 9) in base 8?
-147645
What is 152513 (base 9) in base 6?
2001533
What is -1111000001011100100011 (base 2) in base 7?
-45321202
Convert 10011001000111010100 (base 2) to base 5.
130032111
153203351 (base 6) to base 2
1100010101111100010011
915872 (base 10) to base 14
19bab6
-334343230 (base 5) to base 9
-2706567
Convert -b335a (base 16) to base 12.
-2b4962
Convert 12531330 (base 7) to base 16.
118e7e
Convert 599828 (base 10) to base 5.
123143303
Convert 50728 (base 14) to base 3.
100211102020
What is 74e5d (base 16) in base 10?
478813
12fd7c (base 16) to base 12
500278
What is -8775 (base 9) in base 12?
-38ab
10202244 (base 6) to base 16
48454
246511265 (base 7) to base 2
111011100100101001010000
Convert -103331234 (base 5) to base 6.
-13342240
What is -45cc (base 15) in base 8?
-34741
Convert -34412387 (base 9) to base 7.
-262053022
Convert -126c4 (base 14) to base 10.
-45252
Convert 24ac22 (base 14) to base 4.
10303121332
What is -210011211 (base 7) in base 2?
-101111001000100110011011
Convert 2126071 (base 9) to base 3.
2010220002101
-12030204 (base 6) to base 8
-1340574
-8055 (base 13) to base 12
-a266
1a7242 (base 12) to base 11
2a00a4
What is -6751345 (base 8) in base 16?
-1bd2e5
-1021201100021 (base 3) to base 16
-a6d3b
Convert 300413333 (base 5) to base 4.
10201122330
Convert 1026681 (base 10) to base 14.
1ca225
What is 105343305 (base 7) in base 6?
345251340
Convert 5a5fe (base 16) to base 11.
233132
-4404532 (base 6) to base 2
-110101011010101000
Convert 558daf (base 16) to base 3.
101112212010102
-331a1 (base 13) to base 15
-1c669
What is -6c2c1c (base 13) in base 7?
-30621636
What is -24662141 (base 7) in base 5?
-1032434234
What is 3240c (base 14) in base 9?
204635
Convert 12014313 (base 5) to base 6.
2211543
What is -144707 (base 12) in base 15?
-6a9bd
6a001 (base 11) to base 12
4a659
What is 4b428 (base 13) in base 5?
13422441
Convert -8a8a2 (base 13) to base 7.
-2066345
534317 (base 13) to base 5
444421323
What is -618c0 (base 14) in base 11?
-1505a5
Convert 111222112121010 (base 3) to base 6.
423135220
What is 1a189 (base 14) in base 10?
66173
What is -1132312113 (base 4) in base 3?
-201201221000
Convert 62475 (base 14) to base 6.
5024343
Convert 100001010010000101001 (base 2) to base 14.
205641
1111130000 (